What is the units digit of v?
8
Let s = -497 + 698. Let w = 289 - s. What is the units digit of w?
8
Suppose -139*u + 27343 + 108877 = 0. What is the hundreds digit of u?
9
Suppose -32 = -2*d + 4*i, 2*d + 2*i - 2 + 0 = 0. Let o(m) = m**2 - 7*m + 8. Let n be o(d). Suppose -n*s - 84 = -5*s. What is the units digit of s?
8
Let x be (1 - 0)*1 + 136. Let w = x + 29. What is the tens digit of w?
6
Suppose -4*m - 4*v = -16, -3*m + 2 = -5*v - 2. Suppose m*q - 3*x - 384 = 0, -144 - 140 = -2*q - 5*x. What is the units digit of q?
2
What is the tens digit of 1180 + 1*20/(-2)?
7
Let g(k) = k**3 + 9*k**2 - 9*k + 10. Let c be g(-10). Suppose c = -5*d + d + 152. What is the tens digit of d?
3
Suppose -8*k + 9*k = 100. Let t = k + -65. What is the tens digit of t?
3
Let l = -27 + 51. Let z = l + 3. What is the units digit of z?
7
Let b be 21/3 - (-5 + 2). What is the units digit of -74*(b/(-4))/5?
7
Let a(l) = -l**3 + 26*l**2 - 26*l + 44. What is the tens digit of a(21)?
0
Let q = 24 - 12. What is the units digit of ((-6)/q)/(2/(-200)*2)?
5
Suppose -31*j + 1353 = -39722. What is the tens digit of j?
2
Let s(j) = -102*j**3 + j**2 - j - 1. Let q(k) = 3*k + 26. Let h be q(-9). What is the tens digit of s(h)?
0
Suppose -3*d = -7*d. Suppose d = -h - 30 + 93. What is the units digit of h?
3
Let l(p) = 5*p**2 + 12*p - 6. Let b(r) = -9*r**2 - 23*r + 12. Let m(f) = -3*b(f) - 5*l(f). Let z be m(-10). Let i = -63 + z. What is the tens digit of i?
4
Let y be (-44)/154 - 1682/(-7). Suppose 3*b - 7*b = -y. What is the units digit of b?
0
Let f(s) = -48*s + 6. What is the hundreds digit of f(-3)?
1
Suppose 1 - 12 = -s - 4*u, u + 4 = -s. What is the units digit of 1 + s*(-9)/3?
8
Suppose -2*r = -5*g - 17 + 69, 3*g - 118 = 4*r. Let c = 69 - r. What is the units digit of c?
0
Let p(w) = 26*w - 15. Let j be p(-5). What is the units digit of (j/10)/((-3)/18)?
7
Suppose 7*n = 2*n - 285. Let s = n - -82. What is the tens digit of s?
2
What is the hundreds digit of 11 - 7 - 3 - -481?
4
Let i be (-6796)/(-11) + (-18)/(-99). Suppose 0 = -4*t + 2*o + 486, 0*o - o = 5*t - i. Suppose -t = -2*f - 49. What is the tens digit of f?
3
Let b(i) = i**2. Let f be b(-2). Suppose -c = -f, -3*c + 648 = 4*h - c. Suppose -s + 4*k = -50, -5*s + 5*k + h + 135 = 0. What is the units digit of s?
2
Let l(y) = -2*y**2 - 7. Let s(a) be the first derivative of -5*a**3/3 - a**2/2 - 15*a - 2. Let x(n) = 9*l(n) - 4*s(n). What is the tens digit of x(2)?
1
Suppose -3*v = -z - 1552, -2*v + 894 = 4*z - 164. What is the hundreds digit of v?
5
Let l = -5684 - -9288. What is the hundreds digit of l?
6
Let m(b) = 385*b**2 - 5*b + 8. Let p be m(2). Suppose -9*y + 1090 = -p. What is the tens digit of y?
9
Let i be ((-544)/(-40))/((-2)/(-60)). Suppose -15 = 3*m, 3*n + m - i = -2*m. What is the hundreds digit of n?
1
Let o(a) = 42*a**3 - 2*a**2 + 2*a + 2. Let d be o(2). Suppose -u - 250 = -3*n, 2*u = 4*n - 0*u - d. Suppose 263 = 5*f + n. What is the units digit of f?
6
Suppose 5*c + 5 = 0, -4*o - 2*c = 3*c - 59. Let h(w) = 17*w - 1 + 10 - o*w. What is the units digit of h(14)?
3
Let u(t) be the third derivative of t**5/20 + t**4/24 + 2*t**3/3 + t**2. Let y(x) = x + 11. Let m be y(-15). What is the tens digit of u(m)?
4
Suppose 5*s = -3*a + 10*s + 1355, -433 = -a - 3*s. What is the units digit of a?
5
Let i = -27 - -17. Let h be (i/(-3))/((-4)/(-6)). Let l = 20 - h. What is the units digit of l?
5
Let z be (0 + -6)*(2 - -3). Suppose r - 5*a = 9 + 27, -5*r - 5*a + 330 = 0. Let t = r + z. What is the tens digit of t?
3
Suppose 3*z + 2346 = 5*z - 4*d, 0 = -3*z - 3*d + 3555. What is the units digit of z?
1
Suppose -x + 4*y - 11 = 0, -4*y = -4*x - 9*y + 40. Let j = -3 - -8. What is the tens digit of -58*(x/(-2))/j?
2
Let b = -2908 + 4198. What is the hundreds digit of b?
2
Let n(j) = 3*j**3 - 21*j**2 + j + 5. What is the tens digit of n(10)?
1
Let x(c) = -21*c - 3. Let k be x(2). Let i be k/(-105) - (-38)/(-7). Let r(o) = o**3 + 7*o**2 + 4*o - 3. What is the units digit of r(i)?
7
Suppose 0 = -94*p + 77*p + 12359. What is the hundreds digit of p?
7
Let a(p) be the third derivative of 0*p + 0 - 7*p**2 + p**3 + 1/120*p**6 - 1/20*p**5 - 7/24*p**4. What is the tens digit of a(5)?
2
Let o = -131 - -35. Let z = 4 - o. What is the hundreds digit of z?
1
Let y(g) = -3*g. Let t be y(2). Let s be t/(-4) + 219/6. Suppose 0 = -3*j + j + s. What is the tens digit of j?
1
What is the thousands digit of (-9 + -26)/(-5) + 4106?
4
Let u be (2 + -4 - 1)*1. Let j(k) be the second derivative of -2*k**3/3 + 3*k**2 + 5*k. What is the tens digit of j(u)?
1
Let p(g) = -8*g**2 + 32 + 14*g**2 + 17*g + g**2 - 8*g**2. What is the units digit of p(13)?
4
Let l be (24/60)/((-1)/(-25)*1). What is the hundreds digit of (-50)/(-20)*536/l?
1
Suppose 0 = h + h - 84. Let o be 14/21*(6 - 3). Suppose o*x = h + 20. What is the tens digit of x?
3
Let l be ((-207)/27)/(-2 + 51/27). Let y = 5 + l. What is the tens digit of y?
7
Suppose 3*t = 2*i + 25 + 3, 0 = i - 4. Let u = t + -13. What is the tens digit of 2 + (32 - (2 + u))?
3
Let v = -94 - -62. Let j = v - -43. What is the tens digit of j?
1
Suppose -2 = -r + 1. Let h be -5 + 4/(0 - -4). What is the units digit of ((-1)/r)/(h/48)?
4
Let l be (-4)/(-14) - (-61)/7. Let n = -5 + l. Suppose -p + 20 = -n*h + 5*h, 4*p = -3*h + 65. What is the tens digit of h?
1
Suppose 3*r - 4*a = 4*r - 1746, 5278 = 3*r + 2*a. What is the units digit of r?
2
Let y = 348 - -435. What is the tens digit of y?
8
Let d = -2710 + 4978. What is the tens digit of d?
6
What is the tens digit of 11238*((-1)/(-21))/(16/56)?
7
Suppose i = -2*i - o + 20, i + 5 = 2*o. Suppose z = -4*z + 4*v + 145, 0 = i*z + 2*v - 115. Suppose 3*p - z = 8. What is the units digit of p?
1
Let n(i) = -i**2 + 10*i - 5. Let v be n(10). Let l = v + 7. Suppose -4*g + 3 = 3*o - 119, -l*o + 82 = 2*g. What is the tens digit of o?
4
Suppose 35 = -4*f + 171. Let l be 1338/(-111) - 16/(-296). Let m = f + l. What is the tens digit of m?
2
Suppose 0*c - 2*c - 3*b = -1150, -c = b - 573. What is the units digit of c?
9
Let k = -17 - -19. Suppose -190 = -k*a - 3*x + 133, x - 164 = -a. Suppose -4*c + a - 13 = 0. What is the tens digit of c?
3
Let s(d) = 781*d**2 + 14*d - 14. What is the hundreds digit of s(1)?
7
Let p = 499 - -1585. What is the thousands digit of p?
2
What is the thousands digit of 1445 + ((-4)/(-6))/(54/(-243))?
1
Suppose -6831 = 9*j - 30636. What is the units digit of j?
5
Suppose 0 = -n + 676 + 2170. What is the hundreds digit of n?
8
Suppose 5*q + 90 = 2*l, -3*l - 2*q + 101 = -q. Suppose -16*k = -11*k + l. What is the tens digit of (12/k)/(3/(-42))?
2
Suppose 0*i = 5*i + 2*w - 23561, -5*i = -3*w - 23571. What is the units digit of i?
3
Let f(p) = p**3 + 11*p**2 - 10*p - 24. Let c be f(-12). Let a = c + 148. What is the tens digit of a?
0
Let p(m) = -m + 38*m + 22*m - 7*m. Let y be p(1). Let l = y - 22. What is the tens digit of l?
3
Suppose 121 = -8*c - 239. Let t = c + 182. What is the hundreds digit of t?
1
Suppose -3*v = -4*d - 661 + 8770, 3*d - 6108 = -3*v. What is the tens digit of d?
3
Suppose 25 = 5*s, 4*s + 2619 = 3*k + 26. What is the hundreds digit of k?
8
Suppose 260*z = 257*z + 5736. What is the units digit of z?
2
Let h(i) = 4*i**2 + 27*i + 35. What is the tens digit of h(-10)?
6
Let u(s) = 5*s**2 - 26*s + 8. What is the hundreds digit of u(-12)?
0
Suppose 561*l = 569*l - 27504. What is the hundreds digit of l?
4
Let o(d) = -200*d - 504. What is the units digit of o(-14)?
6
What is the hundreds digit of 502*((-63)/(-6) - 7)?
7
Suppose -7133 + 1537 = -4*z. What is the thousands digit of z?
1
What is the units digit of 671 - 12/(-3 - 3)?
3
Suppose -1292 = -4*j + 3*z, j + 4*j - 1646 = -4*z. Let r = j + -230. What is the tens digit of r?
9
Let v be (-8)/4 - 1 - -2. Let f be v/(0 + 2/(-4)). Suppose f*a = 21 - 3. What is the units digit of a?
9
Let v be 442/3 + 7/(-21). Suppose 3*o - 3*f - 168 = 0, -2*o + 3*f = 37 - v. What is the tens digit of o?
5
Let d(k) = -k**2 + 8*k - 2. Let f be d(7). Suppose 4*l + 0*l - 71 = -3*n, -3*n + 53 = -5*l. Let a = n - f. What is the units digit of a?
6
Suppose 0 = -4*h + 8, -3*t = 2*h - 3410 - 1937. What is the tens digit of t?
8
Let m(v) = 6*v. Let c be -1 - 2 - 11*-1. What is the tens digit of m(c)?
4
Suppose 10 = 5*i,